 j = 272 - 253. What is the greatest common divisor of j and 95?
19
Suppose -2*y = -0*q + 5*q - 17, 1 = -q. What is the greatest common factor of 1 and y?
1
Let m be (50/(-10))/((-1)/(-2)). Let v = 21 + m. Suppose 2*t + 66 = 4*t. Calculate the highest common factor of v and t.
11
Suppose -1659 = -17*t + 14865. What is the highest common divisor of t and 108?
108
Let w(z) = 2*z + 0*z**2 - 5*z**2 + 0*z**2 + 11 + 6*z**2. Let d be w(-6). Suppose 2*v - 37 = d. What is the greatest common factor of 12 and v?
12
Suppose -7*d + 56 = -6*d. Let x(p) = -p**2 - 7*p + 1. Let i be x(-6). What is the highest common divisor of d and i?
7
Let b(f) = 2*f**2 + 34*f - 58. Let z be b(-19). What is the greatest common divisor of 414 and z?
18
Let x be ((-2)/3)/((-9)/27) - -22. What is the greatest common divisor of 16 and x?
8
Suppose -4*b + 126 = 2*s, 3*b - 67 = -2*s + 27. Calculate the highest common divisor of b and 416.
32
Let b(i) = 73*i + 17. Let u be b(1). What is the greatest common divisor of u and 40?
10
Let l be (25 - 29) + (65/1 - -1). Let u be (-7)/14 - (-1)/(4/l). What is the highest common divisor of u and 60?
15
Let n(i) = i**2 + 7*i + 11. Let r be n(-8). Let o = -15 + r. Suppose -39 = o*z - 95. Calculate the highest common divisor of z and 7.
7
Suppose -331 = 4*i - 3*n - 2, 6 = 2*n. Let q = -79 - i. What is the highest common factor of 7 and q?
1
Let y = -386 - -402. What is the greatest common factor of y and 128?
16
Suppose 4*x - 470 = -w, 2350 = 5*w + 17*x - 14*x. Calculate the highest common factor of 94 and w.
94
Suppose 2*y + 3098 = 4*i - i, 2*i - 3*y - 2062 = 0. Calculate the highest common factor of 44 and i.
22
Let u(a) = a**3 + 14*a**2 + 8. Let s be u(-9). What is the greatest common divisor of 7 and s?
7
Suppose t - 45 = -5*d, -2*t - 3*d + 75 = t. Let b = t - 9. Calculate the highest common factor of b and 88.
11
Suppose 69 + 63 = 3*t. Suppose 2*f - f = -j, 4*j = 5*f - 36. Calculate the greatest common factor of f and t.
4
Let a(x) = -x**3 + 13*x**2 + 6*x - 75. Let o be a(13). Let i be -2*2/8*-6. What is the highest common factor of i and o?
3
Suppose 2*i = 7 + 1. Suppose 5*m = 10, -i*v = -5*m - 520 + 110. Let d = 39 + -24. Calculate the greatest common divisor of v and d.
15
Let p = -29 + 31. Suppose 0 = 2*i - p*d + 122, 2*i - 3*d - 213 = 5*i. Let y be (i/(-4))/(3/2). Calculate the highest common divisor of 22 and y.
11
Let g be (1/2)/(16/1152). What is the greatest common factor of 81 and g?
9
Suppose d = -0*d - 2*j - 19, 0 = 3*d - 3*j + 12. Let u = d - -19. What is the highest common factor of u and 5?
5
Let b = 20 + -20. Suppose -d + 21 - 13 = b. Let s be 21/84 - (-606)/d. Calculate the greatest common factor of s and 19.
19
Suppose -3*v + 17 = -n, 3*v + 8*n - 10*n = 13. Let x be 11/(((-3)/(-7))/3). Calculate the greatest common factor of v and x.
7
Let x = -65 + 37. Let p be x*(1 - 55/35). What is the highest common factor of p and 48?
16
Let h(q) = q**2 + 4*q - 1. Let y be h(-5). Let t be 20*(-3 + y)/2. Calculate the greatest common divisor of 40 and t.
10
Suppose -3*h + 29 = 5*s - 78, -s + 69 = 2*h. Suppose 161*p + 10098 = 188*p. Calculate the greatest common factor of h and p.
34
Let h be (2 + -1)*12/1. Let i = 7127 + -7121. Calculate the greatest common divisor of h and i.
6
Suppose 4*n - 42 = 2*n. Suppose 3*h + 4 = 2*c - 1, 5*c + h = n. What is the greatest common divisor of c and 2?
2
Suppose -28*l + 29*l = 578. Suppose 0 = 4*o - 102 - l. Calculate the highest common factor of o and 34.
34
Let d be ((-124)/3)/(1/(-3)). Let l be ((-62)/(-10) - (12 + -6))*155. What is the highest common factor of l and d?
31
Let a(v) = -23*v - 195. Let p be a(-12). What is the greatest common divisor of 27 and p?
27
Suppose 3*t = -5*l + 370, -t + 6*t = -3*l + 638. Let r = -58 + t. Let p be -1*(-1)/((-2)/(-48)). Calculate the greatest common divisor of p and r.
24
Let z be 6/(-21) + (-144)/(-63). Suppose -z*i = i - 132. Let f(x) = 109*x**2 + 2*x - 1. Let d be f(1). Calculate the highest common divisor of d and i.
22
Suppose -3*u - h + 119 = 0, 141 = 3*u - h + 26. Let p = -19 + u. Suppose -26*s + 30*s = 40. Calculate the greatest common factor of p and s.
10
Let h = -73 - -78. Suppose -5*i = h*p - 1888 + 568, 4*p = -8. What is the highest common factor of 14 and i?
14
Let y(j) = -3*j - 22. Let v be y(-9). Suppose -3*f - 5*c = -31, f = 6*f - v*c - 25. Calculate the highest common factor of 7 and f.
7
Let n(l) = 8*l**2 + 6*l + 1. Let d be 21/(-4) + (-17)/(-68). Let y be n(d). What is the greatest common factor of 19 and y?
19
Let q(d) = -d**2 + 27*d - 132. Let i be q(18). What is the greatest common divisor of 1 and i?
1
Let t be (12/(-10))/(6/(-105)). Let q be 8 + (4 - t/3). Calculate the highest common divisor of q and 35.
5
Suppose 11*k + 604 = 15*k. Suppose -k = -2*h - 31. Calculate the highest common factor of 80 and h.
20
Suppose 0 = -2*m + 3 + 47. Suppose -f + 4*f = 0, 40 = 4*j - 4*f. Calculate the highest common divisor of j and m.
5
Suppose 6*m - 9 = 3*m. Suppose m*a = a. Suppose -6*r + 4*n = -2*r - 132, a = n + 1. Calculate the highest common divisor of 48 and r.
16
Suppose -s + 348 = 5*v, 0*s - 2*s + 6 = 0. Calculate the greatest common divisor of 92 and v.
23
Let b be (8/12)/((-2)/(-3)). Let n(o) be the second derivative of 7*o**4/12 + o**3/6 + 9*o. Let m be n(b). Calculate the highest common factor of 2 and m.
2
Suppose -3*b = 3*l + l - 292, -3*l + 194 = 2*b. Calculate the greatest common factor of b and 250.
50
Suppose -10*l - 5*n = -7*l - 31, 5*n = 25. Let r(z) = -z**3 - z**2 - 1. Let m be r(-2). Suppose -3*s + m = -12. What is the greatest common divisor of l and s?
1
Let u be -76*(-1 + (-1 - -4)/12). Suppose -u = -5*p + 13. Calculate the greatest common divisor of p and 98.
14
Let d = -146 - -315. Suppose -41 = 4*p - d. What is the greatest common factor of 48 and p?
16
Let k = 38 - 40. Let b be k - (-8)/(-12)*-6. Calculate the greatest common factor of b and 2.
2
Let o(x) = x**3 + 3*x**2 - 5*x - 7. Let r be o(-3). Suppose r*i - 20 - 12 = 0. What is the highest common factor of 12 and i?
4
Let y(a) = -30*a - 6. Let s be y(-3). Let f be (54/21)/(9/s). Suppose -l + 2*l = f. What is the highest common factor of 192 and l?
24
Let k(q) be the first derivative of -31*q**2/2 + 3*q + 9. Let j be k(-2). Let v = j + 39. What is the highest common divisor of v and 13?
13
Suppose -59 - 29 = -f. Suppose -4*a - 6 + 10 = 0. Let l be (1/(-2))/(a/(-18)) + 2. What is the highest common divisor of l and f?
11
Let x(m) = -m**2 - 4*m + 7. Let d be x(-5). Suppose -4*j + 22 = 2*k, -3*j + 28 = -d*j - 4*k. What is the highest common divisor of 2 and j?
2
Suppose -2*o + 29 = -p - 6*o, -p - 33 = 3*o. Let z = p - -50. Suppose 8 + 0 = 4*k. What is the highest common divisor of k and z?
1
Suppose -4*p = -4*n + 14848, 8*n - 5*n = -3*p + 11166. Calculate the highest common divisor of 63 and n.
63
Suppose 2*j - 2670 = -5*m, 0 = 3*j + 16*m - 15*m - 4005. What is the greatest common factor of j and 30?
15
Suppose 5*a + 0 - 55 = 0. Let m = -69 - -77. Let c(k) = 3*k**2 - 10*k - 13. Let s be c(m). Calculate the greatest common divisor of s and a.
11
Suppose -5*a + 5*f + 700 = 0, 4*a + 2*f = 5*a - 145. Let y be 0 - -4 - (-2)/(2/11). Calculate the greatest common factor of y and a.
15
Suppose 2*x + 2*x - 16 = 0, -2*v + 110 = -5*x. Suppose 2*l + v - 335 = 0. Calculate the greatest common factor of 15 and l.
15
Suppose j = 4*p - 15, -3*p - 7 = 2*j + 23. Let w = -3 - j. Calculate the highest common factor of 8 and w.
4
Suppose -4*c = 4*c - 40. What is the highest common factor of 65 and c?
5
Suppose -a = -5*a + 124. Let j be (3*-1)/(15/(-95)). Suppose 5*m = -4*t + a, 6*t + m - j = 2*t. Calculate the highest common divisor of 10 and t.
2
Suppose -3*v = -l + 9, 0*l = l + v - 1. Suppose -l*u - 448 = -11*u. Calculate the highest common factor of u and 42.
14
Suppose 4*h - 22 = 5*y, 4*y - 36*h - 32 = -39*h. Let f = 10 - 0. What is the highest common factor of f and y?
2
Let r = -1461 + 2261. Calculate the highest common factor of 40 and r.
40
Let v = 2 + -2. Suppose v = -p + 6*p - 5. Let k be 3 - (-2 + p)/(-1). Calculate the greatest common factor of k and 14.
2
Suppose 2*d = -47 + 629. Suppose 7*f - o = 2*f + 455, 3*o = -3*f + d. Calculate the greatest common factor of 23 a